10121
In base 13, what is 1c5c7 - 195?
1c432
In base 9, what is 4 + 17425255?
17425260
In base 5, what is 331432 - 141421?
140011
In base 6, what is -12002521535 - 2?
-12002521541
In base 4, what is -3 + 1100000203?
1100000200
In base 15, what is -14 + -4907b?
-49090
In base 5, what is 41021210004 - -1?
41021210010
In base 7, what is 325623310 - 3?
325623304
In base 5, what is -20223440 + -22114?
-20301104
In base 9, what is -7108 - -876?
-6122
In base 6, what is -1123221 + -2050?
-1125311
In base 13, what is -155 - -3146?
2cc1
In base 12, what is 35 - -381a77?
381ab0
In base 11, what is -8154 + -272?
-8416
In base 10, what is 39874 - 1054?
38820
In base 13, what is -17a2b7 + -5a7?
-17a891
In base 13, what is -5 + -345892?
-345897
In base 14, what is -1 + 2385b9?
2385b8
In base 16, what is 64d - 6918?
-62cb
In base 6, what is 3532241 + -250?
3531551
In base 3, what is -22 + -2021220112021?
-2021220112120
In base 5, what is -31 + 1004133231?
1004133200
In base 9, what is -176 - 75434?
-75621
In base 3, what is -1121 + 1021011?
1012120
In base 15, what is -55a7575 - 1?
-55a7576
In base 5, what is 1211 - 12441211?
-12440000
In base 8, what is 1603 - 2727?
-1124
In base 6, what is 0 - -3223100430?
3223100430
In base 10, what is 2569823 - -141?
2569964
In base 9, what is -10677015 - -77?
-10676827
In base 4, what is 13 + -12220130131120?
-12220130131101
In base 13, what is 669 + 286b?
3207
In base 7, what is 24 + 32064556?
32064613
In base 8, what is 47571 - -217606?
267377
In base 8, what is -1 + -35041732?
-35041733
In base 8, what is -5574246160 + -4?
-5574246164
In base 11, what is -29645a - -164?
-2962a6
In base 13, what is 1438c - 303?
14089
In base 10, what is -24 + 1976472?
1976448
In base 2, what is 0 - 1110011110111110011011?
-1110011110111110011011
In base 2, what is 11 + 10010111010101011011?
10010111010101011110
In base 2, what is -1 - -110111001110000001111110?
110111001110000001111101
In base 11, what is -68 + -4113?
-4180
In base 12, what is -4b1a - -579a?
880
In base 9, what is 11435642 + -6?
11435635
In base 10, what is 7346 - -2432?
9778
In base 14, what is -16d506a + 11?
-16d5059
In base 6, what is 142115110 + -4?
142115102
In base 13, what is -2 + aa05ba?
aa05b8
In base 6, what is 2113 + 1050310?
1052423
In base 8, what is 2306706 - 543?
2306143
In base 7, what is 5 + -5422516?
-5422511
In base 15, what is -5 - -59a891?
59a88b
In base 14, what is -4b10872 + -5?
-4b10877
In base 14, what is -5 + -1a358cd0?
-1a358cd5
In base 9, what is -314680734 - -6?
-314680727
In base 6, what is 0 + 42310452030?
42310452030
In base 9, what is -1 + 4455244?
4455243
In base 9, what is 103264 + -3?
103261
In base 15, what is -8a90dc6 + -5?
-8a90dcb
In base 10, what is 35188 - 119?
35069
In base 13, what is 57a + -2c2c8?
-2ba4b
In base 5, what is -3011012 - 4323?
-3020340
In base 11, what is -2 + 837a318?
837a316
In base 9, what is 6405486 - 4?
6405482
In base 6, what is 123143220 - -10?
123143230
In base 7, what is 21202066 + 241?
21202340
In base 7, what is -5126 - -12311?
4152
In base 13, what is 5 + 10712c3?
10712c8
In base 15, what is 33b18a16 + -2?
33b18a14
In base 13, what is -106a6c77 - 2?
-106a6c79
In base 8, what is 143 + 3005?
3150
In base 4, what is 20230 + 32103212?
32130102
In base 16, what is -265f + 136?
-2529
In base 13, what is 85893 - 476?
8541a
In base 8, what is -233 + 6136202?
6135747
In base 16, what is -10ea + 15fc?
512
In base 14, what is 5 - c901ba?
-c901b5
In base 16, what is 350693 - 1?
350692
In base 7, what is -12624024 - 5?
-12624032
In base 11, what is -34825 - 217?
-34a41
In base 9, what is -10 + -2305176?
-2305186
In base 12, what is 45bab6 - 40a?
45b6a8
In base 8, what is -27433010 + -10?
-27433020
In base 7, what is 14 + -131202001?
-131201654
In base 14, what is -737ba + a92?
-72b28
In base 10, what is 148 + 17795?
17943
In base 14, what is 8 + -143888?
-143880
In base 5, what is 1114 + -10100110?
-10043441
In base 6, what is 42532 + 5101?
52033
In base 9, what is -1624838 + -5?
-1624844
In base 12, what is -2341ba + 4?
-2341b6
In base 6, what is 13 - 40022?
-40005
In base 3, what is -21212201210011 - -110?
-21212201202201
In base 2, what is 1110001111101101111000111 - 1?
1110001111101101111000110
In base 16, what is -54c9aa5 - -3?
-54c9aa2
In base 8, what is 1022045 - -331?
1022376
In base 5, what is -242412041 + -10?
-242412101
In base 11, what is 757963 - 268?
7576a6
In base 14, what is 2b2 + 5781d?
57ad1
In base 16, what is 1be4eb - -3?
1be4ee
In base 12, what is -4 - -50259169?
50259165
In base 8, what is -1055 - -56431?
55354
In base 9, what is 3 + 6482034?
6482037
In base 11, what is 9a - -47a70?
4805a
In base 5, what is 20343102 - -21?
20343123
In base 14, what is 0 + 1ac9031?
1ac9031
In base 6, what is 25 - -412430423?
412430452
In base 7, what is -11206 - 1226325?
-1240534
In base 13, what is -75c345c + 2?
-75c345a
In base 13, what is 1984 - -42434?
440b8
In base 8, what is 20437 - -111?
20550
In base 3, what is -21210 - 1200212112002?
-1200212210212
In base 7, what is 310532132 - -3?
310532135
In base 15, what is -3aad62 - 0?
-3aad62
In base 7, what is 40 - -2531614?
2531654
In base 3, what is 10 + 120111000200011?
120111000200021
In base 2, what is 101 + 100110011011111001011101?
100110011011111001100010
In base 15, what is 9d999 - -37?
9d9d1
In base 10, what is -5 - -105826626?
105826621
In base 3, what is -10102210122002200 + -2?
-10102210122002202
In base 16, what is 1d8ea8 - 33?
1d8e75
In base 12, what is 6 + 41028a1?
41028a7
In base 16, what is -5302 + -ff0?
-62f2
In base 5, what is 20311020 + 24?
20311044
In base 7, what is -40512052 + 1?
-40512051
In base 15, what is -63abbba + 3?
-63abbb7
In base 11, what is -7 - -500905?
5008a9
In base 4, what is -1021100120033 - -21?
-1021100120012
In base 3, what is -10011 + 20100201020?
20100121002
In base 10, what is -3 + 6686933?
6686930
In base 5, what is -1221 + 3123134020?
3123132244
In base 13, what is aa2c679 + 5?
aa2c681
In base 8, what is 25 + 20332372?
20332417
In base 13, what is -1bc392 - 3?
-1bc395
In base 5, what is -34322 + -20010234?
-20100111
In base 12, what is 74 - -2a3b24?
2a3b98
In base 15, what is 2 + a6a2d?
a6a30
In base 4, what is 1213311211 - 303?
1213310302
In base 9, what is 1203 + 216675?
217878
In base 6, what is -243205232 - -124?
-243205104
In base 5, what is -3331400 - -201234?
-3130111
In base 16, what is -16105 - -8?
-160fd
In base 4, what is -13113111232 - 233?
-13113112131
In base 2, what is -101110111010 - 1010000110?
-111001000000
In base 4, what is 1122 - -213213333?
213221121
In base 10, what is 146 - 209494?
-209348
In base 9, what is 17743 + 54437?
73281
In base 11, what is 5267760 - -8?
5267768
In base 13, what is 1b - 109a08c?
-109a071
In base 10, what is 957 + 134?
1091
In base 7, what is -166 - 10242042?
-10242241
In base 10, what is 14 + 1515279?
1515293
In base 9, what is -8303 - -3145?
-5147
In base 8, what is -20311 + 642?
-17447
In base 11, what is 2233297 - 3?
2233294
In base 5, what is -34224244111 + -10?
-34224244121
In base 10, what is 116 - 411668?
-411552
In base 12, what is -21bb4 - 762?
-22756
In base 2, what is 1001000001001000111010 + 10?
1001000001001000111100
In base 12, what is -188685a + 2?
-1886858
In base 6, what is -23342500 + 2?
-23342454
In base 13, what is -554 + -b41?
-1395
In base 2, what is -11001001 + 1000101011001111?
1000101000000110
In base 6, what is 3 - 552223234?
-552223231
In base 2, what is -11010011011000110001001 + -1101?
-11010011011000110010110
In base 15, what is 6da1e + 51?
6da70
In base 11, what is 2 + -3a1604?
-3a1602
In base 8, what is 3 - 41054671?
-41054666
In base 12, what is 2 + -6069380?
-606937a
In base 5, what is 14 + 103221332?
103221401
In base 11, what is -52a83 + -1530?
-54503
In base 8, what is 2062313 + -117?
2062174
In base 11, what is -2a18 + 502?
-2516
In base 2, what is 100110100010010110001001 - -1000?
100110100010010110010001
In base 7, what is 4 - -43303442?
43303446
In base 5, what is -221 - -204313130?
204312404
In base 11, what is 14 - -4651368?
4651381
In base 11, what is -4406 + -777?
-5082
In base 11, what is 706440 + 1a?
70645a
In base 5, what is -223442 - -412123?
133131
In base 3, what is -1100100 - -2121112121?
2120012021
In base